e 6*y - 40 = 4*y. Calculate the remainder when y is divided by q.
9
Suppose 30 = 3*m - 3. Calculate the remainder when 30 is divided by m.
8
Let g be (-10)/(-4)*4/(-2). Let o = 0 - g. Suppose -3*s = -o*f - 23, -s + 4*f + 11 = -6*s. What is the remainder when s is divided by 1?
0
Let s(x) = x**3 - 5*x**2 + 8*x - 9. Calculate the remainder when 30 is divided by s(4).
2
Suppose 0 = 6*f - 100 + 34. Calculate the remainder when 20 is divided by f.
9
Calculate the remainder when ((-18)/8)/((-6)/112) is divided by (-2)/18 - (-2992)/198.
12
Let p(r) = 5*r - 6. Let q be (74 - (1 - 0))*-1. Let f = q - -108. Calculate the remainder when f is divided by p(3).
8
Suppose -3*f = v - 91, 83 = v + 5*f - 0*f. Calculate the remainder when v is divided by 26.
25
Let s be (-1)/((-2)/16)*1. Let q = -11 + 8. Let a = q + s. Calculate the remainder when 8 is divided by a.
3
Suppose 4*z = 5*i - 9, 0*i + 4*i - 36 = -4*z. Suppose -74 = -8*x + 30. Calculate the remainder when x is divided by z.
1
Let c(l) = 6*l**2 - 4*l**3 + l**3 - 5*l + l**3 + 2 + l**3. Calculate the remainder when 25 is divided by c(4).
11
Let u(s) = 4*s**2 + 10*s + 8. Let w(a) = 5*a**2 + 9*a + 9. Let d(z) = -4*u(z) + 3*w(z). Calculate the remainder when d(-12) is divided by 2.
1
Suppose f + 7 = -28. What is the remainder when 17 is divided by ((-12)/(-14))/((-5)/f)?
5
Calculate the remainder when 69 is divided by (8/(-6))/((-4)/54).
15
Suppose 3*d + 1 = l, -2*d = 4*l - 15 - 3. What is the remainder when 4 is divided by d?
0
Let a be (-4)/(-10) - 233/(-5). Let f = 26 - a. Let p = f - -33. What is the remainder when 35 is divided by p?
11
Let v be 4/2 - 2 - -2. Suppose 7*p = v*p. Suppose p = 2*w - 4*a - 40, -5*w + a + 100 = 6*a. Calculate the remainder when 38 is divided by w.
18
Let a(t) = t**2 + 4*t + 1. Let k be -4*8*5/10. Let l = k - -9. What is the remainder when 42 is divided by a(l)?
20
Let x = -6 - -9. Let g(z) = z**3 - 5*z**2 + 5*z + 4. Let a be g(4). Suppose -w = 3*w - a. Calculate the remainder when x is divided by w.
1
Suppose 4*b = -o - 2, 0*b = b + 3*o + 6. Suppose b = 5*l, -4*q - 4*l + 6 = -2*q. Calculate the remainder when q is divided by 112/64 + (-6)/8.
0
Calculate the remainder when (6/(-9))/((-2)/57) is divided by 12.
7
What is the remainder when 17 is divided by 2/(-6)*3*(-2 + -2)?
1
Let c = 9 + 0. Suppose 23 = s - 4*h - 2, -2*h + 64 = 4*s. Calculate the remainder when s is divided by c.
8
Suppose -p - 123 = -3*r, -2*r - 4*p = -3*r + 41. Calculate the remainder when r is divided by 14.
13
Suppose -h - 3*u + 9 = -11, -h - u + 22 = 0. Calculate the remainder when 44 is divided by h.
21
Let x(c) be the first derivative of -1 + c - 1/3*c**3 + 3*c**2. What is the remainder when 17 is divided by x(4)?
8
Let y be 0 - (-2 + -2*5). Suppose -5*n - y + 2 = 0. Calculate the remainder when 70/4 + n/(-4) is divided by 10.
8
Let h = 38 + -22. Calculate the remainder when 9 is divided by (-72)/h*(-4)/6.
0
Suppose 0 = -2*m + 4*h + 94, -3*m - 3*h + 108 = 2*h. Let q = 25 + -14. Calculate the remainder when m is divided by q.
8
Let g be 3 + (2 + -4 - -2). Suppose z + z + b - 26 = 0, -g*z = -5*b - 26. Calculate the remainder when 22 is divided by z.
10
Let l be (6 - -2)*(-24)/(-4). Suppose -l = -2*m - 2*m. Suppose -2*y + 78 = 4*n, 56 - 10 = 3*n + 4*y. Calculate the remainder when n is divided by m.
10
Suppose 0 = r - w - 8 - 14, 110 = 5*r - 3*w. Calculate the remainder when 43 is divided by r.
21
Let q = 28 - 13. Suppose 0*j + q = 3*j. Suppose -j*l - 4*c + 43 = 0, 3*l + 2*c = 2*l + 11. What is the remainder when 19 is divided by l?
5
Suppose -14 = -5*p - 2*f + 1, 0 = -2*p + 2*f + 20. Let j(w) = -5*w. Let y be j(6). Let t = y + 42. What is the remainder when t is divided by p?
2
Suppose -i = -2*o + 39, 4*o = i - 0*i + 75. Suppose 0 = 3*y + y + 8. Calculate the remainder when 14 is divided by y/(-5) + o/5.
2
Suppose 2*i = 6*i. Let h = i + 6. Suppose -2*s = 2*t - 44, -5*t - h = -1. What is the remainder when s is divided by 8?
7
Let b be (6 - -4) + 0 + 1. Let t = 20 + b. Calculate the remainder when t is divided by 8.
7
Let l = 61 + -37. What is the remainder when 95 is divided by l?
23
Let l = 3 - -2. Suppose l*j = j. Suppose j + 14 = b. What is the remainder when 26 is divided by b?
12
Suppose -4*p + 5 = 17, -u + p = -17. Calculate the remainder when 80/2 + (-2 - -3) is divided by u.
13
Let f(i) = -i**2 - 4*i + 17. Calculate the remainder when 12 is divided by f(-6).
2
Let q(r) = 3 + r + 5 + r**2 - 9. What is the remainder when q(6) is divided by 11?
8
Let u(d) = -2*d - 9. Let o = 3 + -9. Let q(j) = -j**3 - 5*j**2 - j + 2. What is the remainder when q(-5) is divided by u(o)?
1
Let m = -2 - 1. Let g(w) = -w**3 + 3*w**2 + w - 1. What is the remainder when (0 + -12)*1/m is divided by g(3)?
0
Let s = -85 - -105. Suppose -4*b - 8 = -36. Calculate the remainder when s is divided by b.
6
Let c(l) = l**2 - 2*l - 3. Let w(z) = z**2 - 2*z - 2. Let k(f) = -6*c(f) + 7*w(f). What is the remainder when 35 is divided by k(4)?
11
Let o = 46 + -22. Suppose -11*k = -6*k - 470. What is the remainder when k is divided by o?
22
Let b(d) = 2*d**2 + 4*d + 5. What is the remainder when 53 is divided by b(-3)?
9
Suppose 0 = -4*y + 8*y - 28. Let g = 19 - y. Calculate the remainder when g is divided by 4.
0
Let v(n) = 2*n**2 + 11*n + 6. Calculate the remainder when v(-8) is divided by 24.
22
Let i(n) = n**2 + 5*n + 6. Let k = 2 - -7. Let o be i(k). Let z = -91 + o. What is the remainder when z is divided by 14?
13
Let n = 80 + -68. Let b be (-4)/10 - (-806)/(-10). Let g = -47 - b. What is the remainder when g is divided by n?
10
Suppose 0*q - 8 = -2*q. Suppose -121 = -q*b + 4*v - 41, 0 = -2*b + 3*v + 37. Calculate the remainder when 44 is divided by b.
21
Suppose 16 + 0 = 4*h. Let r = -2 + h. Suppose -4*k + r*k = -118. Calculate the remainder when k is divided by 20.
19
Suppose 5*a + 2*u + 3*u = 195, 4*u = -3*a + 122. Let z = a - -8. Calculate the remainder when z is divided by 11.
9
Suppose 8*v - 4*v = 448. Suppose -o - 6 - 2 = -4*q, 0 = 3*o - q + 2. Suppose o*h + v = 4*h. Calculate the remainder when h is divided by 15.
13
Let k(o) = -o**2 - 16*o - 4. Calculate the remainder when 21 is divided by k(-15).
10
Suppose -150 = -2*f - 60. Let y be (45/3)/(0 + 1). What is the remainder when f is divided by 230/y - 4/(-6)?
13
Suppose -28 = -8*l + 4*l. Let j(p) = p**2 - 5*p - 4. What is the remainder when j(l) is divided by 6?
4
Let q be 2 + -2 - 3 - 31. Let x = -14 - q. Calculate the remainder when 38 is divided by x.
18
Calculate the remainder when 3 is divided by ((-8)/10)/(4/(-10)).
1
Calculate the remainder when 49 is divided by (2/(-8))/((-2)/136).
15
Let b(m) = -4*m - 10. Let g be b(-10). What is the remainder when ((-12)/g)/((-2)/200) is divided by 21?
19
Let m = 116 + -79. Suppose -3*f = c - 26, -2*f + m = 2*c + f. Calculate the remainder when 31 is divided by c.
9
Let m be 3/((-9)/4)*3. Let o = 26 + m. What is the remainder when o is divided by 6?
4
Calculate the remainder when 99 is divided by (-3)/(-6)*29*2.
12
Suppose 0 = -4*t + 16 + 76. What is the remainder when t is divided by 5?
3
Let v be (1 + -4)/3*0. Suppose 0 = -v*y + y - 4*n - 4, 8 = 2*y + 5*n. Suppose 33 = y*b - b. Calculate the remainder when 20 is divided by b.
9
Let l(p) = -6*p + 140. Suppose -5*c + 50 = -5*x, 2*x - 48 = -4*c + 4*x. Calculate the remainder when l(19) is divided by c.
12
Suppose 11 - 48 = -2*d + 5*s, 4*d = 3*s + 67. Calculate the remainder when d is divided by 6.
4
Suppose 2*i - 131 = -5*j + 2*j, 4*j - 198 = -3*i. Let t = -41 + i. What is the remainder when t is divided by 8?
5
Let t(g) = g + 8. Let o be t(-14). Let p be -3 - -1 - 2/2. Let s = p - o. What is the remainder when 8 is divided by s?
2
Let l(v) = 3*v - 3*v + 1 + 6*v. Calculate the remainder when l(4) is divided by 9.
7
Let w(z) = 4*z + 9. Let m = 26 + -14. Calculate the remainder when w(m) is divided by 15.
12
Suppose -4*z = -15 - 101. Calculate the remainder when z is divided by 3.
2
Let p = 73 - 11. Calculate the remainder when p is divided by 22.
18
Let b(c) = c**3 - 6*c**2 - 5*c + 10. Let h = -74 - -144. What is the remainder when h is divided by b(7)?
22
Suppose 5*c = i + 53, c - 4*i + 0 - 3 = 0. Let b(l) = -2 + 2 + 15*l - 2. Calculate the remainder when b(3) is divided by c.